{"id":66,"date":"2022-04-03T11:22:58","date_gmt":"2022-04-03T09:22:58","guid":{"rendered":"https:\/\/tabu-la-rasa.de\/start\/?page_id=66"},"modified":"2022-12-29T14:30:13","modified_gmt":"2022-12-29T13:30:13","slug":"impressum","status":"publish","type":"page","link":"https:\/\/tabu-la-rasa.de\/start\/impressum\/","title":{"rendered":"Impressum"},"content":{"rendered":"\n<p><strong>Irmgard Fuhrmann<\/strong>, Greifswald <br>Tochter von Dieter Fuhrmann, Nachlassverwalterin und Stifterin der Bilder<br>Gibt gern Auskunft \u00fcber den K\u00fcnstler und sein Werk<br>E-Mail: irmgardf@gmx.de<br>Telefon: 0 38 34 \/ 59 49 01<\/p>\n\n\n\n<p><strong>Steffen Wilbrandt<\/strong>, Berlin <br>Spezi-Sch\u00fcler von Dieter Fuhrmann, Verfasser aller Texte auf dieser Seite und ViSdP.<br>Gibt gern Auskunft \u00fcber das Projekt, den Ablauf<br>und ist Ansprechpartner f\u00fcr Medienvertreter (Interviews, Bildmaterial \u2026)<br>Otto-Nagel-Stra\u00dfe 26 \u00b7 12683 Berlin<br>E-Mail: wilbrandt@tabu-la-rasa.de<br>Telefon: 030 \/ 41 93 49 60<\/p>\n\n\n\n<p><strong>Andr\u00e9 Schumacher<\/strong>, B\u00e4belin <br>ehemaliger Spezi-Sch\u00fcler von Dieter Fuhrmann<br>Gibt gern Auskunft \u00fcber die Ausstellungsorte (Kunterbunthof und Kirche B\u00e4belin)<br>sowie zuk\u00fcnftige Kulturveranstaltungen und Kunstprojekte auf dem Kunterbunthof<br>E-Mail: schumacher@tabu-la-rasa.de<br>Telefon: 01 51 \/ 59 21 51 81<\/p>\n","protected":false},"excerpt":{"rendered":"<p>Irmgard Fuhrmann, Greifswald Tochter von Dieter Fuhrmann, Nachlassverwalterin und Stifterin der BilderGibt gern Auskunft \u00fcber den K\u00fcnstler und sein WerkE-Mail: irmgardf@gmx.deTelefon: 0 38 34 \/ 59 49 01 Steffen Wilbrandt, Berlin Spezi-Sch\u00fcler von Dieter Fuhrmann, Verfasser aller Texte auf dieser Seite und ViSdP.Gibt gern Auskunft \u00fcber das Projekt, den Ablaufund ist Ansprechpartner f\u00fcr Medienvertreter (Interviews, &hellip;<\/p>\n<p class=\"read-more\"> <a class=\"\" href=\"https:\/\/tabu-la-rasa.de\/start\/impressum\/\"> <span class=\"screen-reader-text\">Impressum<\/span> Weiterlesen &raquo;<\/a><\/p>\n","protected":false},"author":1,"featured_media":0,"parent":0,"menu_order":0,"comment_status":"closed","ping_status":"closed","template":"blank","meta":{"site-sidebar-layout":"default","site-content-layout":"default","ast-main-header-display":"","ast-hfb-above-header-display":"","ast-hfb-below-header-display":"","ast-hfb-mobile-header-display":"","site-post-title":"","ast-breadcrumbs-content":"","ast-featured-img":"","footer-sml-layout":"","theme-transparent-header-meta":"","adv-header-id-meta":"","stick-header-meta":"","header-above-stick-meta":"","header-main-stick-meta":"","header-below-stick-meta":"","footnotes":""},"class_list":["post-66","page","type-page","status-publish","hentry"],"_links":{"self":[{"href":"https:\/\/tabu-la-rasa.de\/start\/wp-json\/wp\/v2\/pages\/66","targetHints":{"allow":["GET"]}}],"collection":[{"href":"https:\/\/tabu-la-rasa.de\/start\/wp-json\/wp\/v2\/pages"}],"about":[{"href":"https:\/\/tabu-la-rasa.de\/start\/wp-json\/wp\/v2\/types\/page"}],"author":[{"embeddable":true,"href":"https:\/\/tabu-la-rasa.de\/start\/wp-json\/wp\/v2\/users\/1"}],"replies":[{"embeddable":true,"href":"https:\/\/tabu-la-rasa.de\/start\/wp-json\/wp\/v2\/comments?post=66"}],"version-history":[{"count":7,"href":"https:\/\/tabu-la-rasa.de\/start\/wp-json\/wp\/v2\/pages\/66\/revisions"}],"predecessor-version":[{"id":929,"href":"https:\/\/tabu-la-rasa.de\/start\/wp-json\/wp\/v2\/pages\/66\/revisions\/929"}],"wp:attachment":[{"href":"https:\/\/tabu-la-rasa.de\/start\/wp-json\/wp\/v2\/media?parent=66"}],"curies":[{"name":"wp","href":"https:\/\/api.w.org\/{rel}","templated":true}]}}